onvert -12122101021 (base 3) to base 13.
-3b740
Convert 95b (base 16) to base 13.
1123
What is -a9c7b (base 13) in base 6?
-10331401
Convert -415625 (base 9) to base 7.
-2045600
What is -42314435 (base 6) in base 13?
-344a86
-6a6957 (base 13) to base 11
-1477482
Convert 102121120002 (base 3) to base 2.
110111110011101000
-1211151431 (base 6) to base 5
-12011400110
What is -10c8922 (base 13) in base 5?
-2312014131
What is 13021430 (base 8) in base 6?
141555304
-22231130133 (base 4) to base 2
-1010101101011100011111
-16dc (base 14) to base 10
-4114
-e7f (base 16) to base 3
-12002110
Convert 885920 (base 10) to base 16.
d84a0
Convert 518b0 (base 14) to base 4.
233333002
What is -4219856 (base 10) in base 12?
-14b6068
-6ad00a (base 15) to base 3
-100121102122101
Convert 2020343 (base 5) to base 14.
bc46
Convert 3116146 (base 8) to base 11.
514a37
What is 353254 (base 11) in base 8?
2107014
What is -29a346a (base 11) in base 3?
-100200022121122
What is 120324104 (base 5) in base 11?
35128a
What is -1036460 (base 8) in base 13?
-995ab
4223440234 (base 5) to base 3
121120200201022
-8744 (base 13) to base 10
-18815
-1154252222 (base 6) to base 12
-4587072
-44124230 (base 5) to base 7
-3141461
What is -4113124 (base 10) in base 13?
-b10202
Convert -1950a2 (base 13) to base 4.
-2130013203
Convert 233202 (base 4) to base 13.
1500
Convert -5f4d (base 16) to base 12.
-12151
What is 7131513 (base 8) in base 2?
111001011001101001011
-1450652 (base 10) to base 5
-332410102
15a205 (base 15) to base 9
1864725
What is 1521142 (base 6) in base 3?
11111021022
204441 (base 5) to base 10
6871
What is -1966b51 (base 13) in base 8?
-37676147
21011020001 (base 3) to base 5
14001420
What is 1092a7 (base 12) in base 10?
264799
653015 (base 10) to base 13
19b2cc
What is a45b0 (base 12) in base 3?
101221002120
11312123312 (base 4) to base 3
2212220211012
What is -13232553 (base 7) in base 12?
-4a9030
d750b7 (base 14) to base 2
11011110000000000001001
Convert 108a0a8 (base 11) to base 6.
104434033
1101433 (base 5) to base 14
6cc9
Convert -340036 (base 11) to base 15.
-aa7c1
Convert -29037 (base 14) to base 2.
-11000110011001001
What is 1a8a27 (base 14) in base 6?
32135151
Convert -4352e (base 15) to base 10.
-213794
-220717 (base 15) to base 11
-a0836a
10a55 (base 15) to base 11
36871
What is -14b4125 (base 13) in base 3?
-110111002200221
Convert 1100110111000101010000 (base 2) to base 14.
63a8a4
Convert 3741575 (base 11) to base 7.
106162040
-1110110101111010000 (base 2) to base 4
-1312233100
What is -102200212200 (base 3) in base 11?
-148010
29783a1 (base 11) to base 13
109a21b
What is 247016c (base 13) in base 4?
223100103200
What is 450040 (base 10) in base 6?
13351304
52900 (base 14) to base 2
110000101010100100
Convert -402022542 (base 6) to base 4.
-121333310132
What is -14166515 (base 7) in base 12?
-5403ab
What is -203100120 (base 6) in base 8?
-15301520
What is -928161 (base 10) in base 14?
-1a2373
What is -435831 (base 9) in base 3?
-111012221001
What is -1000101001111110100 (base 2) in base 13?
-9c142
What is 2a808 (base 13) in base 14?
21468
Convert -170225 (base 11) to base 13.
-930cb
15a89ba (base 12) to base 11
257147a
Convert 2511344 (base 8) to base 9.
1265510
What is 2c13410 (base 13) in base 2?
110101111101010111001111
-1001101000111110000 (base 2) to base 11
-1a6371
-143103100 (base 5) to base 12
-304099
What is -35620 (base 10) in base 3?
-1210212021
-514505052 (base 6) to base 5
-4234422012
Convert 1a49427 (base 13) to base 9.
17281114
101222212121 (base 3) to base 12
a52b1
101111010000111010 (base 2) to base 11
1224a5
-63a328 (base 16) to base 15
-88eb72
Convert -2621005 (base 7) to base 12.
-14560a
ab92 (base 12) to base 10
18974
What is -cd65b (base 15) in base 8?
-2373013
-25250620 (base 7) to base 16
-22cf2a
What is 32513203 (base 6) in base 12?
3ab803
Convert 102333113 (base 4) to base 8.
227727
Convert -1a94923 (base 13) to base 4.
-201212023112
Convert 31303314 (base 8) to base 16.
6586cc
What is -12512310 (base 6) in base 8?
-1450422
What is 90958 (base 11) in base 15?
295b6
125390 (base 10) to base 4
132213032
454706 (base 11) to base 13
1c4476
-9632183 (base 10) to base 6
-542241235
Convert -10110111011100100 (base 2) to base 3.
-11202211200
-263834 (base 9) to base 16
-2724a
What is -2042a33 (base 12) in base 10?
-6059847
What is -2d4e75 (base 16) in base 9?
-5524876
What is -632503 (base 10) in base 2?
-10011010011010110111
What is 395088 (base 11) in base 2?
10010111110001101001
Convert -11101010000011101111 (base 2) to base 7.
-11102024
What is 200201002100 (base 3) in base 15?
74173
333bc (base 14) to base 6
2355054
What is 2524354 (base 6) in base 12?
666ba
-81d19 (base 15) to base 16
-646bc
83467 (base 11) to base 5
12343203
1230010130 (base 4) to base 13
126632
What is -720 (base 15) in base 5?
-22410
What is 574c7a (base 15) in base 8?
17713615
-12138a (base 13) to base 15
-87b8d
What is 1122112110222 (base 3) in base 10?
876608
What is -4141c9 (base 14) in base 13?
-5c0b05
What is -1150402 (base 9) in base 6?
-21211045
-a2b8a2 (base 13) to base 6
-213204411
Convert -10d931 (base 16) to base 12.
-452ba9
Convert -100605240 (base 7) to base 13.
-12a58ac
Convert -427540 (base 10) to base 11.
-272243
What is 162443 (base 8) in base 16?
e523
What is 40401747 (base 8) in base 14?
11bb2bd
What is 1100011001100110011 (base 2) in base 10?
406323
What is 15b17c (base 13) in base 4?
2003132221
What is 1011000011010010001 (base 2) in base 4?
1120122101
Convert 1110101100101011101011 (base 2) to base 8.
16545353
What is -124312433 (base 5) in base 11?
-393693
What is bc126a (base 14) in base 5?
3113132121
-9a4445 (base 11) to base 9
-3011135
Convert 3211330313 (base 4) to base 11.
593714
Convert -32042213 (base 5) to base 12.
-10b415
-100010112010 (base 3) to base 8
-537003
Convert 510046 (base 9) to base 7.
2365011
Convert 13f5b (base 16) to base 14.
21b19
-120011100222 (base 3) to base 14
-7aa86
Convert 39b91 (base 14) to base 8.
425623
What is -3306142 (base 7) in base 12?
-176801
What is -51100 (base 6) in base 10?
-6732
Convert -10311022112 (base 4) to base 5.
-311010301
What is -9ab0b (base 13) in base 9?
-467268
-1a289 (base 15) to base 2
-10100101111011010
Convert -10133311130 (base 4) to base 7.
-13010144
What is ae8193 (base 16) in base 12?
39b6383
What is 45679 (base 14) in base 16?
292db
19727 (base 13) to base 15
ea35
-71977 (base 12) to base 16
-2432b
What is 22137868 (base 9) in base 13?
22b1490
What is 52420523 (base 6) in base 14?
2ba631
Convert -24345416 (base 7) to base 2.
-1000010100001000101111
What is 33736 (base 15) in base 11?
101a31
-1665114 (base 7) to base 11
-150349
46dc40 (base 16) to base 8
21556100
Convert 101011200022 (base 3) to base 7.
1462535
What is -50701624 (base 8) in base 6?
-1021403204
Convert -100101101010010001 (base 2) to base 3.
-21211121020
What is 65128 (base 11) in base 7?
542645
14104023 (base 6) to base 12
1ab013
What is 2476b (base 14) in base 15?
1b6ba
-327a6 (base 14) to base 6
-2341554
What is -626404 (base 9) in base 10?
-372118
Convert 6616464 (base 7) to base 5.
201431222
ad562 (base 15) to base 13
163c4c
What is 3003069 (base 13) in base 8?
67207101
What is a3830 (base 12) in base 11?
136642
Convert -45643264 (base 7) to base 15.
-53d641
What is 6624c (base 15) in base 7?
2521062
What is -b3c43 (base 16) in base 11?
-463235
What is -19052 (base 15) in base 5?
-10043302
What is 836625 (base 10) in base 15?
117d50
Convert -3004223 (base 8) to base 16.
-c0893
Convert -1201101120 (base 3) to base 16.
-841b
What is -387305 (base 11) in base 5?
-124004331
Convert -83882 (base 15) to base 11.
-265374
-26786601 (base 9) to base 15
-1263901
2221021100 (base 4) to base 11
433583
Convert -10aa767 (base 14) to base 9.
-15845170
Convert -a061b (base 12) to base 13.
-73a30
Convert 3a01ab (base 15) to base 3.
12020110222022
What is -500260 (base 8) in base 15?
-338e6
24004210 (base 5) to base 15
44ea5
-1214304410 (base 5) to base 10
-2884980
Convert 1344270 (base 8) to base 2.
1011100100010111000
-90fb7 (base 16) to base 7
-5022222
What is -89e08 (base 16) in base 15?
-b24e9
Convert 210242412 (base 5) to base 8.
3240202
Convert -2b89349 (base 12) to base 5.
-4234003144
Convert 10111011101010010 (b